{"id":122,"date":"2024-10-04T13:20:09","date_gmt":"2024-10-04T11:20:09","guid":{"rendered":"https:\/\/lautrancoise.fr\/?page_id=122"},"modified":"2024-10-10T15:07:20","modified_gmt":"2024-10-10T13:07:20","slug":"locations-bnb","status":"publish","type":"page","link":"https:\/\/lautrancoise.fr\/index.php\/locations-bnb\/","title":{"rendered":"Locations BnB"},"content":{"rendered":"\n<figure class=\"wp-block-image is-resized\"><img loading=\"lazy\" decoding=\"async\" width=\"682\" height=\"1024\" src=\"https:\/\/lautrancoise.fr\/wp-content\/uploads\/2024\/10\/ski-5428256_1280-682x1024.jpg\" alt=\"\" class=\"wp-image-151\" style=\"width:145px;height:auto\" srcset=\"https:\/\/lautrancoise.fr\/wp-content\/uploads\/2024\/10\/ski-5428256_1280-682x1024.jpg 682w, https:\/\/lautrancoise.fr\/wp-content\/uploads\/2024\/10\/ski-5428256_1280-200x300.jpg 200w, https:\/\/lautrancoise.fr\/wp-content\/uploads\/2024\/10\/ski-5428256_1280-768x1152.jpg 768w, https:\/\/lautrancoise.fr\/wp-content\/uploads\/2024\/10\/ski-5428256_1280.jpg 853w\" sizes=\"auto, (max-width: 682px) 100vw, 682px\" \/><\/figure>\n\n\n\n<p><strong>Propri\u00e9taires de Biens en Location<\/strong><\/p>\n\n\n\n<p>Que ce soit \u00e0 la carte ou en formule, nous vous proposons des prestations de qualit\u00e9 afin de vous faciliter la gestion du bien:<\/p>\n\n\n\n<ul class=\"wp-block-list\">\n<li>Gestion de votre annonce <\/li>\n\n\n\n<li>Gestion des plannings<\/li>\n\n\n\n<li>Accueil des locataires et remise des cl\u00e9s \u00e0 l&rsquo;arriv\u00e9e des locataires<\/li>\n\n\n\n<li>V\u00e9rification du logement et r\u00e9cup\u00e9ration des cl\u00e9s en fin de s\u00e9jour<\/li>\n\n\n\n<li>M\u00e9nage<\/li>\n\n\n\n<li>Gestion du linge<\/li>\n<\/ul>\n\n\n\n<p><\/p>\n","protected":false},"excerpt":{"rendered":"<p>Propri\u00e9taires de Biens en Location Que ce soit \u00e0 la carte ou en formule, nous vous proposons des prestations de qualit\u00e9 afin de vous faciliter la gestion du bien:<\/p>\n","protected":false},"author":1,"featured_media":0,"parent":0,"menu_order":0,"comment_status":"closed","ping_status":"closed","template":"","meta":{"footnotes":""},"class_list":["post-122","page","type-page","status-publish","hentry","has-single-img"],"_links":{"self":[{"href":"https:\/\/lautrancoise.fr\/index.php\/wp-json\/wp\/v2\/pages\/122","targetHints":{"allow":["GET"]}}],"collection":[{"href":"https:\/\/lautrancoise.fr\/index.php\/wp-json\/wp\/v2\/pages"}],"about":[{"href":"https:\/\/lautrancoise.fr\/index.php\/wp-json\/wp\/v2\/types\/page"}],"author":[{"embeddable":true,"href":"https:\/\/lautrancoise.fr\/index.php\/wp-json\/wp\/v2\/users\/1"}],"replies":[{"embeddable":true,"href":"https:\/\/lautrancoise.fr\/index.php\/wp-json\/wp\/v2\/comments?post=122"}],"version-history":[{"count":4,"href":"https:\/\/lautrancoise.fr\/index.php\/wp-json\/wp\/v2\/pages\/122\/revisions"}],"predecessor-version":[{"id":152,"href":"https:\/\/lautrancoise.fr\/index.php\/wp-json\/wp\/v2\/pages\/122\/revisions\/152"}],"wp:attachment":[{"href":"https:\/\/lautrancoise.fr\/index.php\/wp-json\/wp\/v2\/media?parent=122"}],"curies":[{"name":"wp","href":"https:\/\/api.w.org\/{rel}","templated":true}]}}