{"id":133,"date":"2024-10-04T13:25:37","date_gmt":"2024-10-04T11:25:37","guid":{"rendered":"https:\/\/lautrancoise.fr\/?page_id=133"},"modified":"2024-10-04T13:27:51","modified_gmt":"2024-10-04T11:27:51","slug":"contact","status":"publish","type":"page","link":"https:\/\/lautrancoise.fr\/index.php\/contact\/","title":{"rendered":"Contact"},"content":{"rendered":"\n<p>Apr\u00e8s un premier contact par t\u00e9l\u00e9phone ou par mail, nous conviendrons d&rsquo;un rendez-vous afin d&rsquo;\u00e9changer sur vos besoins et pouvoir \u00e9tablir un devis au plus proche de vos attentes.<\/p>\n","protected":false},"excerpt":{"rendered":"<p>Apr\u00e8s un premier contact par t\u00e9l\u00e9phone ou par mail, nous conviendrons d&rsquo;un rendez-vous afin d&rsquo;\u00e9changer sur vos besoins et pouvoir \u00e9tablir un devis au plus proche de vos attentes.<\/p>\n","protected":false},"author":1,"featured_media":0,"parent":0,"menu_order":0,"comment_status":"closed","ping_status":"closed","template":"","meta":{"footnotes":""},"class_list":["post-133","page","type-page","status-publish","hentry","has-single-img"],"_links":{"self":[{"href":"https:\/\/lautrancoise.fr\/index.php\/wp-json\/wp\/v2\/pages\/133","targetHints":{"allow":["GET"]}}],"collection":[{"href":"https:\/\/lautrancoise.fr\/index.php\/wp-json\/wp\/v2\/pages"}],"about":[{"href":"https:\/\/lautrancoise.fr\/index.php\/wp-json\/wp\/v2\/types\/page"}],"author":[{"embeddable":true,"href":"https:\/\/lautrancoise.fr\/index.php\/wp-json\/wp\/v2\/users\/1"}],"replies":[{"embeddable":true,"href":"https:\/\/lautrancoise.fr\/index.php\/wp-json\/wp\/v2\/comments?post=133"}],"version-history":[{"count":2,"href":"https:\/\/lautrancoise.fr\/index.php\/wp-json\/wp\/v2\/pages\/133\/revisions"}],"predecessor-version":[{"id":139,"href":"https:\/\/lautrancoise.fr\/index.php\/wp-json\/wp\/v2\/pages\/133\/revisions\/139"}],"wp:attachment":[{"href":"https:\/\/lautrancoise.fr\/index.php\/wp-json\/wp\/v2\/media?parent=133"}],"curies":[{"name":"wp","href":"https:\/\/api.w.org\/{rel}","templated":true}]}}